8338?
2, 11, 17, 665617
List the prime factors of 1250049138.
2, 3, 13, 881, 18191
List the prime factors of 49404193.
17, 2906129
List the prime factors of 236768368.
2, 1063, 13921
List the prime factors of 157179213.
3, 17464357
List the prime factors of 512190952.
2, 7, 13, 703559
What are the prime factors of 882439039?
109, 193, 41947
What are the prime factors of 203048176?
2, 12690511
What are the prime factors of 48661462?
2, 89, 167, 1637
What are the prime factors of 36852657?
3, 12284219
What are the prime factors of 247397114?
2, 123698557
What are the prime factors of 886168460?
2, 5, 337, 131479
What are the prime factors of 4237767472?
2, 37, 7158391
List the prime factors of 845321367.
3, 11, 47, 49547
What are the prime factors of 61261891?
29, 223, 9473
List the prime factors of 33239681.
619, 53699
What are the prime factors of 39643684?
2, 9910921
What are the prime factors of 276162899?
43, 331, 19403
List the prime factors of 89369313.
3, 11, 883, 3067
List the prime factors of 14373175.
5, 67, 8581
What are the prime factors of 985879771?
19, 173, 299933
List the prime factors of 31437285.
3, 5, 11, 190529
List the prime factors of 417711992.
2, 52213999
List the prime factors of 1326400234.
2, 1069, 620393
List the prime factors of 581862600.
2, 3, 5, 11, 29387
What are the prime factors of 288243817?
41, 797, 8821
What are the prime factors of 1407374154?
2, 3, 73, 1071061
What are the prime factors of 5260807?
5260807
What are the prime factors of 35373478?
2, 7, 19, 71, 1873
What are the prime factors of 2948749961?
199, 14817839
What are the prime factors of 1663924683?
3, 5009, 110729
List the prime factors of 2139819108.
2, 3, 7, 25474037
List the prime factors of 155019464.
2, 17, 1139849
List the prime factors of 159968695.
5, 19, 883, 1907
List the prime factors of 5627816079.
3, 83, 271, 83401
What are the prime factors of 73447956?
2, 3, 17, 43, 2791
What are the prime factors of 7048258151?
11, 601, 1066141
List the prime factors of 2355042400.
2, 5, 19, 154937
List the prime factors of 1149573266.
2, 43, 127, 105253
What are the prime factors of 853984647?
3, 17, 1860533
What are the prime factors of 262425054?
2, 3, 1949, 22441
What are the prime factors of 12912252?
2, 3, 97, 11093
List the prime factors of 9101832.
2, 3, 47, 8069
List the prime factors of 414240658.
2, 13, 2207, 7219
What are the prime factors of 271239079?
19, 14275741
What are the prime factors of 838473310?
2, 5, 223, 375997
List the prime factors of 255929366.
2, 7, 11, 31, 53609
What are the prime factors of 52205298?
2, 3, 37, 235159
List the prime factors of 890845243.
1279, 696517
What are the prime factors of 43463316?
2, 3, 13, 278611
What are the prime factors of 5356302121?
5356302121
What are the prime factors of 291623034?
2, 3, 48603839
What are the prime factors of 5831691574?
2, 151, 4159, 4643
List the prime factors of 974772957.
3, 324924319
What are the prime factors of 32774094?
2, 3, 1820783
What are the prime factors of 2028755875?
5, 19, 854213
What are the prime factors of 360301080?
2, 3, 5, 3002509
What are the prime factors of 18337030?
2, 5, 439, 4177
What are the prime factors of 2298669313?
31, 83, 893381
What are the prime factors of 120135648?
2, 3, 389, 3217
List the prime factors of 228334284.
2, 3, 29, 218711
What are the prime factors of 157069465?
5, 7, 4487699
List the prime factors of 492107268.
2, 3, 31, 1322869
List the prime factors of 614524222.
2, 13, 31, 223, 263
What are the prime factors of 548016424?
2, 43, 1593071
List the prime factors of 270151189.
7, 11, 3508457
List the prime factors of 487795654.
2, 17, 239, 60029
What are the prime factors of 404855225?
5, 29, 558421
List the prime factors of 90917801.
13, 6993677
What are the prime factors of 198847703?
198847703
List the prime factors of 1265614654.
2, 151, 4190777
What are the prime factors of 219023422?
2, 8699, 12589
What are the prime factors of 108445765?
5, 21689153
List the prime factors of 78434119.
4937, 15887
What are the prime factors of 2197629148?
2, 11, 13, 19, 433, 467
List the prime factors of 10254212.
2, 2563553
What are the prime factors of 1003124586?
2, 3, 239, 699529
What are the prime factors of 2928227093?
11, 41, 307, 21149
List the prime factors of 33470957.
13, 23, 79, 109
List the prime factors of 189865606.
2, 7, 13561829
What are the prime factors of 131484393?
3, 14609377
What are the prime factors of 15309524?
2, 3827381
List the prime factors of 387665411.
7, 7911539
What are the prime factors of 5166715?
5, 1033343
What are the prime factors of 67480690?
2, 5, 89, 75821
List the prime factors of 91519083.
3, 10168787
What are the prime factors of 1442187450?
2, 3, 5, 11, 97117
What are the prime factors of 258364327?
13, 137, 11159
What are the prime factors of 268134040?
2, 5, 61, 109891
List the prime factors of 302099018.
2, 13, 757, 15349
List the prime factors of 515448926.
2, 523, 492781
List the prime factors of 44872705.
5, 83, 108127
What are the prime factors of 5938749282?
2, 3, 29, 983, 34721
List the prime factors of 80155660.
2, 5, 13, 308291
What are the prime factors of 126518942?
2, 11, 5750861
What are the prime factors of 9159407?
47, 53, 3677
What are the prime factors of 19828704?
2, 3, 7, 19, 1553
List the prime factors of 74563072.
2, 137, 1063
What are the prime factors of 50286278?
2, 7, 31, 109, 1063
What are the prime factors of 279760199?
19, 774959
What are the prime factors of 61084880?
2, 5, 31, 24631
List the prime factors of 228405668.
2, 57101417
List the prime factors of 31874991.
3, 953, 11149
What are the prime factors of 32615992?
2, 41, 99439
What are the prime factors of 106557676?
2, 733, 36343
List the prime factors of 484237440.
2, 3, 5, 9341
What are the prime factors of 1191901894?
2, 595950947
What are the prime factors of 11111154?
2, 3, 1851859
List the prime factors of 554400491.
89, 107, 58217
List the prime factors of 44882580.
2, 3, 5, 61, 12263
What are the prime factors of 437981920?
2, 5, 19, 144073
What are the prime factors of 1603107829?
137, 11701517
What are the prime factors of 132896523?
3, 44298841
What are the prime factors of 373885769?
23, 16255903
List the prime factors of 90359656.
2, 11294957
List the prime factors of 20172482.
2, 11, 916931
List the prime factors of 10655551.
10655551
What are the prime factors of 518453479?
3739, 138661
What are the prime factors of 2130398410?
2, 5, 7, 30434263
List the prime factors of 117907485.
3, 5, 613, 12823
List the prime factors of 2252525718.
2, 3, 59, 6363067
List the prime factors of 431841304.
2, 53980163
List the prime factors of 2079764971.
2079764971
What are the prime factors of 1969576135?
5, 23, 73, 234613
List the prime factors of 1862077514.
2, 11, 53, 739, 2161
List the prime factors of 5973530850.
2, 3, 5, 7, 1019, 1861
What are the prime factors of 2822118965?
5, 571, 988483
What are the prime factors of 106179117?
3, 11, 3217549
List the prime factors of 47915198.
2, 59, 239, 1699
List the prime factors of 323669668.
2, 7, 11559631
What are the prime factors of 6789796?
2, 13, 37, 3529
List the prime factors of 54328193.
47, 1155919
List the prime factors of 237325806.
2, 3, 397, 33211
List the prime factors of 19620037.
29, 59, 11467
List the prime factors of 96075465.
3, 5, 6405031
What are the prime factors of 108776108?
2, 7, 23, 67, 2521
List the prime factors of 29085878.
2, 17, 855467
What are the prime factors of 10740398?
2, 277, 19387
What are the prime factors of 38430642?
2, 3, 17, 37, 599
List the prime factors of 22725845.
5, 4545169
What are the prime factors of 12710498?
2, 239, 26591
What are the prime factors of 19637745?
3, 5, 23, 56921
What are the prime factors of 156477839?
7, 271, 82487
List the prime factors of 35328663.
3, 953, 1373
What are the prime factors of 331268849?
331268849
List the prime factors of 2172272448.
2, 3, 101, 112019
List the prime factors of 81589273.
17, 4799369
List the prime factors of 137363610.
2, 3, 5, 37, 47, 2633
List the prime factors of 120951951.
3, 67, 601751
List the prime factors of 24843572.
2, 13, 239, 1999
List the prime factors of 98305275.
3, 5, 719, 1823
What are the prime factors of 297505950?
2, 